75. What is p(-175)?
125
Let s(w) = 12*w**2 + 213*w - 4417. What is s(-30)?
-7
Let s(a) = -a**3 + 199*a**2 + 190*a + 2063. Give s(200).
63
Let y(z) = -239*z - 1330. What is y(-4)?
-374
Let d(y) = -y**3 + 94*y**2 - 14*y + 1787. Determine d(94).
471
Let a(d) = -d**3 - 385*d**2 + 3130*d - 5505. Determine a(-393).
-3
Let n(h) = h**3 - 23*h**2 - 4*h + 34. Calculate n(8).
-958
Let n(t) = t**3 - 5*t**2 + 118*t - 1447. Determine n(10).
233
Let o(t) = -24479*t + 660903. Give o(27).
-30
Let d(v) = -66*v**2 + 369*v - 461. Determine d(2).
13
Let i(b) = b**3 + 4*b**2 + 21*b + 289. Determine i(-6).
91
Let u(l) = 98*l**2 - 87*l - 81. What is u(5)?
1934
Let y(w) = -42*w**2 - 166*w - 912. Determine y(-6).
-1428
Let w(p) = 2*p**3 - 43*p**2 - 322*p + 6738. Calculate w(22).
138
Let w(d) = -17*d**2 - 89*d + 254. What is w(-8)?
-122
Let b(h) = -3*h**3 - 609*h**2 + 686*h + 15070. Calculate b(-204).
-26
Let c(n) = -3*n**2 - 202*n + 13742. What is c(-107)?
1009
Let z(d) = d**2 + 9125*d + 54700. What is z(-6)?
-14
Let s(l) = 195221*l - 1757001. Calculate s(9).
-12
Let z(t) = 2478080*t + 6. Calculate z(0).
6
Let r(f) = -6*f**2 - 5949*f - 187006. What is r(-959)?
-1
Let d(w) = -2471*w + 66657. Give d(27).
-60
Let k(g) = -897*g + 7168. Determine k(8).
-8
Let d(k) = 11*k**2 + 1003*k + 373. Determine d(-94).
3287
Let i(w) = w**2 + 129*w - 8639. Give i(49).
83
Let c(r) = -719*r - 13526. Calculate c(-18).
-584
Let m(i) = -i**3 + 105*i**2 + 82*i + 2324. Give m(106).
-220
Let b(q) = q**3 - 67*q**2 + 401*q - 22055. Calculate b(66).
55
Let r(i) = 2544*i**2 - 49*i - 2. What is r(1)?
2493
Let m(h) = -13*h**2 - 1691*h - 120. Determine m(-130).
10
Let z(a) = -552*a**3 - 70*a**2 - 17*a + 3. Give z(1).
-636
Let p(y) = 3*y**3 - 10*y**2 + 475*y - 1907. What is p(4)?
25
Let x(j) = -3*j**2 - 334*j - 2579. What is x(-101)?
552
Let r(g) = -2*g**2 - 600*g - 20332. Calculate r(-39).
26
Let y(j) = -j**3 - 72*j**2 + 736*j - 96. Determine y(-81).
-663
Let g(b) = 52650*b + 1526860. Determine g(-29).
10
Let r(x) = 10*x**2 + 40*x + 275. Calculate r(-8).
595
Let n(o) = -14600*o + 160534. Determine n(11).
-66
Let q(h) = -186*h**2 - 2564*h + 146. Give q(-14).
-414
Let k(w) = 5*w**3 + 291*w**2 + 54*w - 358. What is k(-58)?
-126
Let o(g) = 3*g**3 - 911*g**2 + 11891*g - 243. Give o(290).
47
Let l(w) = -61991*w + 371948. Give l(6).
2
Let c(u) = 2*u**3 + 9*u**2 + 131*u + 498. Calculate c(-4).
-10
Let c(j) = -4*j**3 + 1117*j**2 - 31881*j + 4450. Determine c(247).
4
Let q(j) = -1213*j - 26488. Calculate q(-21).
-1015
Let x(k) = -k**3 - 2*k**2 + 4*k - 424. Calculate x(0).
-424
Let x(k) = -32*k**2 + 1845*k + 25814. What is x(-14)?
-6288
Let d(r) = r**2 - 41*r - 333. Determine d(21).
-753
Let s(f) = 60534*f + 4479520. Give s(-74).
4
Let r(f) = -f**3 - 30*f**2 - 143*f - 1532. Calculate r(-26).
-518
Let k(q) = -4483*q + 1470445. What is k(328)?
21
Let x(z) = 91*z**3 - 9*z**2 + 1327*z - 1318. What is x(1)?
91
Let o(r) = 7*r**3 + 286*r**2 + 61*r + 322. What is o(-41)?
-3860
Let v(l) = -76*l - 6172. Give v(-67).
-1080
Let k(i) = i**3 - 280*i**2 - 324*i + 12316. Give k(281).
233
Let c(x) = 153*x + 312. Determine c(2).
618
Let l(i) = 2125*i**2 - 17021*i + 18. Give l(8).
-150
Let v(y) = -y**3 + 40*y**2 - 373*y - 215. Give v(16).
-39
Let w(j) = -4*j**3 + 54*j**2 + 52*j - 12. Calculate w(15).
-582
Let r(w) = -3*w**3 + 41*w**2 + 115*w - 87. What is r(16)?
-39
Let u(a) = -a**3 - 41*a**2 + 349*a + 15091. Give u(-40).
-469
Let m(d) = -6*d**2 + 74*d - 139. Give m(11).
-51
Let x(c) = -c**3 + 32*c**2 + 3841*c - 75. What is x(80)?
5
Let z(f) = -2925*f**2 - 971100*f - 38. Give z(-332).
-38
Let n(o) = 330*o - 3105. Calculate n(10).
195
Let x(h) = -1752*h - 17463. Calculate x(-10).
57
Let o(u) = -2796*u - 1073671. Give o(-384).
-7
Let c(a) = -242*a - 54430. Determine c(-226).
262
Let m(f) = -173*f**2 - 9509*f + 187. Calculate m(-55).
-143
Let x(d) = -209*d**3 - 2091*d**2 - 13*d - 26. Determine x(-10).
4
Let u(z) = -3*z**3 - 1251*z**2 + 1304*z + 20950. What is u(-418)?
50
Let h(o) = 4*o**3 + 85*o**2 + 494*o + 514. Calculate h(-12).
-86
Let o(d) = d**3 + 484*d**2 + 18968*d + 202. Calculate o(-43).
-13
Let p(l) = 21073*l - 2001934. Determine p(95).
1
Let s(j) = -609*j - 15212. Calculate s(-25).
13
Let k(f) = -3545*f + 17711. Give k(5).
-14
Let c(b) = -5*b**2 + 81*b - 38. Determine c(19).
-304
Let o(a) = -1558*a + 930113. Give o(597).
-13
Let b(f) = -f**3 + 70*f**2 - 49*f - 905. What is b(69)?
475
Let c(d) = 34737*d**2 - 347365*d - 48. Determine c(10).
2
Let j(z) = 364*z + 44528. Calculate j(-121).
484
Let t(b) = -24*b**2 - 2968*b - 14300. Determine t(-5).
-60
Let j(p) = -1124*p - 130563. Give j(-116).
-179
Let p(w) = -5670*w + 22278. Calculate p(4).
-402
Let x(j) = -11*j**2 - 93*j - 92. What is x(-1)?
-10
Let k(g) = -17979*g + 395353. Determine k(22).
-185
Let m(r) = -24251*r - 169907. Calculate m(-7).
-150
Let x(z) = 2*z**3 + 7*z**2 - 4544*z - 393. Give x(46).
67
Let c(h) = -h**3 + 146*h**2 + 131*h + 2308. Give c(147).
-44
Let u(p) = 2*p**2 + 124*p + 496. Give u(-57).
-74
Let r(h) = 126*h**2 + 2595*h + 1523. What is r(-20)?
23
Let v(m) = 134*m**3 + 2*m**2 + m + 1. Determine v(-2).
-1065
Let l(m) = -2*m**3 + 275*m**2 - 672*m - 464. Give l(135).
-59
Let i(r) = r**3 - 7*r**2 - 74694*r - 6. Calculate i(0).
-6
Let q(z) = 2*z**3 - 81*z**2 + 671*z - 108. Give q(29).
8
Let g(p) = 6*p**2 + 33555*p - 369833. What is g(11)?
-2
Let d(z) = -z**3 - 92*z**2 - 2561*z - 102225. Determine d(-76).
-5
Let k(a) = 4*a**3 - 521*a**2 - 3699*a - 139. Give k(137).
-139
Let k(y) = -6*y**2 + 3197*y + 12908. What is k(-4)?
24
Let r(k) = k**2 - 21655*k + 6006109. What is r(281)?
15
Let m(y) = 194*y + 10465. Calculate m(-58).
-787
Let y(i) = -23*i**2 - 693*i + 694. Determine y(1).
-22
Let m(z) = -4*z**3 + 4*z**2 - 8*z + 15. Determine m(1).
7
Let x(b) = -2*b**2 + 40278*b + 483628. What is x(-12)?
4
Let d(s) = -s**2 + 2429*s - 981499. Determine d(512).
5
Let s(o) = 62*o**2 + 185*o + 82. Calculate s(-1).
-41
Let s(v) = 304*v**2 - 12463*v - 85. Calculate s(41).
-44
Let u(a) = 3*a**3 + 820*a**2 + 1891*a - 1686. What is u(-271)?
-60
Let n(k) = -6*k**2 - 223*k + 12. Give n(-21).
2049
Let p(v) = -4488*v + 11. What is p(0)?
11
Let t(v) = -2204*v - 418751. Calculate t(-190).
9
Let j(h) = h**3 + 49*h**2 + 512*h + 756. Determine j(-38).
-2816
Let v(r) = 1606*r**3 - 3*r**2 + 3*r + 8. Determine v(-1).
-1604
Let q(a) = -10*a**3 - 911*a**2 - 64*a - 6. Determine q(-91).
-2463
Let i(g) = -13*g**2 + 31*g - 118. What is i(11)?
-1350
Let i(g) = -g**3 + 87*g**2 - 153*g - 1417. Determine i(85).
28
Let u(a) = -940*a + 38010. Determine u(42).
-1470
Let h(o) = -o**2 - 175*o + 4202. Determine h(-196).
86
Let t(x) = 31*x**2 + 167*x + 34. Determine t(-4).
-138
Let t(x) = 31*x**2 - 1449*x - 382. Calculate t(47).
-6
Let m(x) = 1889*x - 307796. Determine m(163).
111
Let s(a) = 8*a**3 + 626*a**2 + 160*a + 325. Determine s(-78).
13
Let y(o) = -13960*o + 153555. What is y(11)?
-5
Let b(k) = -2*k**3 - 160*k**2 - 378*k - 5188. Calculate b(-78).
-40
Let p(x) = -139068*x - 973481. Calculate p(-7).
-5
Let p(x) = -29741*x - 952055. Give p(-32).
-343
Let a(p) = -p**3 + 324*p**2 + 50*p - 16192. Give a(324).
8
Let z(g) = -g**2 + 107*g - 2263. What is z(52)?
597
Let r(p) = -95*p + 3997. Determine r(33).
862
Let i(f) = 2*f**3 + 26*f**2 + 12*f - 1. Calculate i(5).
959
Let d(y) = -15831*y + 126640. What is d(8)?
-8
Let w(m) = -7*m**3 - 667*m**2 - 155*m + 3335. What is w(-95)?
10
Let k(u) = 3815*u - 79727. Calculate k(21).
388
Let j(i) = -14*i**2 + 2673*i - 5118. Calculate j(189).
-15
Let n(w) = -38624*w - 463480. What is n(-12)?
8
Let s(n) = -4*n**2 + 483*n - 16362. What is s(57)?
-1827
Let p(l) = -l**3 + 73*l**2 - 91*l + 1293. Determine p(72).
-75
Let m(h) = 14*h**3 - 127*h**2 + 6882*h - 61830. Give m(9).
27
Let a(o) = 4*o**2 - 87148*o - 261482. Calculate a(-3).
-2
Let n(c) = -17*c**2 - 6850*c + 34666. What is n(5)?
-9
Let o(s) = -2*s**3 - 48*s**2 + 207*s - 140. Calculate o(-28).
336
Let q(w) = w**3 - 8*w**2 - 75*w + 477. What is q(9)?
-117
Let x(t) = -t**3 - 380*t**2 - 114*t - 188709. Calculate x(-381).
-114
Let q(c) = 27*c + 2865. Give q(-108).
-51
Let i(u) = -u**3 - 61*u**2 - 17*u - 1087. Give i(-61).
-50
Let i(r) = 2833*r + 317302. Calculate i(-112).
6
Let s(t) = 66*t - 9449. Calculate s(143).
-11
Let 